{"id":295,"date":"2025-05-15T15:19:43","date_gmt":"2025-05-15T13:19:43","guid":{"rendered":"http:\/\/earlyaccess.maisongiuliani.com\/?page_id=295"},"modified":"2025-06-09T16:18:56","modified_gmt":"2025-06-09T14:18:56","slug":"mentions-legales","status":"publish","type":"page","link":"https:\/\/earlyaccess.maisongiuliani.com\/index.php\/mentions-legales\/","title":{"rendered":"Mentions l\u00e9gales"},"content":{"rendered":"\t\t<div data-elementor-type=\"wp-page\" data-elementor-id=\"295\" class=\"elementor elementor-295\">\n\t\t\t\t<div class=\"elementor-element elementor-element-d8b259d e-flex e-con-boxed e-con e-parent\" data-id=\"d8b259d\" data-element_type=\"container\">\n\t\t\t\t\t<div class=\"e-con-inner\">\n\t\t<div class=\"elementor-element elementor-element-f20e52c e-con-full e-flex e-con e-child\" data-id=\"f20e52c\" data-element_type=\"container\">\n\t\t\t\t<div class=\"elementor-element elementor-element-f2d4529 elementor-widget elementor-widget-heading\" data-id=\"f2d4529\" data-element_type=\"widget\" data-widget_type=\"heading.default\">\n\t\t\t\t<div class=\"elementor-widget-container\">\n\t\t\t\t\t<h2 class=\"elementor-heading-title elementor-size-default\">MENTIONS L\u00c9GALES<\/h2>\t\t\t\t<\/div>\n\t\t\t\t<\/div>\n\t\t\t\t<div class=\"elementor-element elementor-element-9b56153 elementor-widget elementor-widget-text-editor\" data-id=\"9b56153\" data-element_type=\"widget\" data-widget_type=\"text-editor.default\">\n\t\t\t\t<div class=\"elementor-widget-container\">\n\t\t\t\t\t\t\t\t\t<p><span style=\"font-weight: 400;\">Conform\u00e9ment \u00e0 la loi, il est pr\u00e9cis\u00e9 aux utilisateurs du Site &#8220;earlyaccess.<\/span><span style=\"font-weight: 400;\">maisongiuliani.com<\/span><span style=\"font-weight: 400;\">&#8221; (\u00ab Le Site \u00bb) l\u2019identit\u00e9 des diff\u00e9rents intervenants.<\/span><\/p>\t\t\t\t\t\t\t\t<\/div>\n\t\t\t\t<\/div>\n\t\t\t\t<\/div>\n\t\t<div class=\"elementor-element elementor-element-e01d13f e-con-full e-flex e-con e-child\" data-id=\"e01d13f\" data-element_type=\"container\">\n\t\t\t\t<div class=\"elementor-element elementor-element-75a8b73 elementor-widget elementor-widget-heading\" data-id=\"75a8b73\" data-element_type=\"widget\" data-widget_type=\"heading.default\">\n\t\t\t\t<div class=\"elementor-widget-container\">\n\t\t\t\t\t<h2 class=\"elementor-heading-title elementor-size-default\">\u00c9DITEUR DU SITE<\/h2>\t\t\t\t<\/div>\n\t\t\t\t<\/div>\n\t\t\t\t<div class=\"elementor-element elementor-element-f200fcc elementor-widget elementor-widget-text-editor\" data-id=\"f200fcc\" data-element_type=\"widget\" data-widget_type=\"text-editor.default\">\n\t\t\t\t<div class=\"elementor-widget-container\">\n\t\t\t\t\t\t\t\t\t<p><span style=\"font-weight: 400;\">La marque Maison Giuliani est une marque d\u00e9pos\u00e9e aupr\u00e8s de l\u2019INPI et enregistr\u00e9e sous les num\u00e9ros 4654167 (le 05\/06\/2020), le 4280417 (le 15\/06\/2016) et 4640295 (le 19\/04\/2010). La marque Maison Giuliani est une marque appartenant \u00e0 Monsieur Philippe\u00a0 Giuliani exploit\u00e9e par Luxmod via une concession de licence n\u00b0 884634 du 05\/05\/2023 enregistr\u00e9e aupr\u00e8s de l\u2019INPI.<\/span><\/p><p><span style=\"font-weight: 400;\">Le Site est \u00e9dit\u00e9 par :<\/span><\/p><p><span style=\"font-weight: 400;\">LUXMOD (\u00ab La Soci\u00e9t\u00e9 \u00bb)<\/span><\/p><p><span style=\"font-weight: 400;\">SAS au capital social de 100 000 \u20ac,\u00a0<\/span><\/p><p><span style=\"font-weight: 400;\">dont le si\u00e8ge social est situ\u00e9 au 1-5 all\u00e9e Roland Garros, Z.I des Renouill\u00e8res, 93360 Neuilly-Plaisance, France,<\/span><\/p><p><span style=\"font-weight: 400;\">immatricul\u00e9e au R.C.S de Bobigny\u00a0 sous le n\u00b0 438 831 943<\/span><\/p><p><span style=\"font-weight: 400;\">SIRET : 438 831 943 00016<\/span><\/p><p><span style=\"font-weight: 400;\">TVA intracommunautaire : FR 07 438 831 943<\/span><\/p><p><span style=\"font-weight: 400;\">Code APE : 4642Z<\/span><\/p>\t\t\t\t\t\t\t\t<\/div>\n\t\t\t\t<\/div>\n\t\t\t\t<div class=\"elementor-element elementor-element-b86d247 elementor-widget elementor-widget-heading\" data-id=\"b86d247\" data-element_type=\"widget\" data-widget_type=\"heading.default\">\n\t\t\t\t<div class=\"elementor-widget-container\">\n\t\t\t\t\t<h2 class=\"elementor-heading-title elementor-size-default\">DIRECTEUR DE LA PUBLICATION<\/h2>\t\t\t\t<\/div>\n\t\t\t\t<\/div>\n\t\t\t\t<div class=\"elementor-element elementor-element-8d1a4d8 elementor-widget elementor-widget-text-editor\" data-id=\"8d1a4d8\" data-element_type=\"widget\" data-widget_type=\"text-editor.default\">\n\t\t\t\t<div class=\"elementor-widget-container\">\n\t\t\t\t\t\t\t\t\t<p><span style=\"font-weight: 400;\">Monsieur Philippe Giuliani, Pr\u00e9sident de la SAS LUXMOD.<\/span><\/p>\t\t\t\t\t\t\t\t<\/div>\n\t\t\t\t<\/div>\n\t\t\t\t<div class=\"elementor-element elementor-element-493dfcf elementor-widget elementor-widget-heading\" data-id=\"493dfcf\" data-element_type=\"widget\" data-widget_type=\"heading.default\">\n\t\t\t\t<div class=\"elementor-widget-container\">\n\t\t\t\t\t<h2 class=\"elementor-heading-title elementor-size-default\">H\u00c9BERGEUR DU SITE<\/h2>\t\t\t\t<\/div>\n\t\t\t\t<\/div>\n\t\t\t\t<div class=\"elementor-element elementor-element-90254ea elementor-widget elementor-widget-text-editor\" data-id=\"90254ea\" data-element_type=\"widget\" data-widget_type=\"text-editor.default\">\n\t\t\t\t<div class=\"elementor-widget-container\">\n\t\t\t\t\t\t\t\t\t<p><span style=\"font-weight: 400;\">Le Site est h\u00e9berg\u00e9 par :<\/span><\/p><p><b>OVH<\/b><\/p><p><span style=\"font-weight: 400;\">SAS au capital de 50 000 000 \u20ac,<\/span><\/p><p><span style=\"font-weight: 400;\">dont le si\u00e8ge social est situ\u00e9 2 rue Kellermann, 59100 Roubaix, France,<\/span><\/p><p><span style=\"font-weight: 400;\">immatricul\u00e9e au R.C.S de Lille M\u00e9tropole sous le n\u00b0 424 761 419.<\/span><\/p><p><span style=\"font-weight: 400;\">SIRET : 424 761 419 00045<\/span><\/p><p><span style=\"font-weight: 400;\">TVA intracommunautaire : FR 22 424 761 419<\/span><\/p><p><span style=\"font-weight: 400;\">Code APE : 2620Z<\/span><\/p><p>Contact :\u00a0<\/p><ul><li>t\u00e9l\u00e9phone : 09 72 10 10 07<\/li><li>email : sales@ovh.net<\/li><\/ul><p>Site : https:\/\/www.ovh.com\/fr\/<\/p><p><span style=\"font-weight: 400;\">Certaines donn\u00e9es des utilisateurs sont stock\u00e9es sur les centres de donn\u00e9es de la soci\u00e9t\u00e9 OVH. Le Traitement de ces Donn\u00e9es est d\u00e9taill\u00e9 dans notre <a href=\"https:\/\/maisongiuliani.com\/politique-de-confidentialite\/\">Politique de Confidentialit\u00e9<\/a><\/span><span style=\"font-weight: 400;\">.<\/span><\/p>\t\t\t\t\t\t\t\t<\/div>\n\t\t\t\t<\/div>\n\t\t\t\t<div class=\"elementor-element elementor-element-76499b5 elementor-widget elementor-widget-heading\" data-id=\"76499b5\" data-element_type=\"widget\" data-widget_type=\"heading.default\">\n\t\t\t\t<div class=\"elementor-widget-container\">\n\t\t\t\t\t<h2 class=\"elementor-heading-title elementor-size-default\">CR\u00c9ATION ET CONCEPTION DU SITE<\/h2>\t\t\t\t<\/div>\n\t\t\t\t<\/div>\n\t\t\t\t<div class=\"elementor-element elementor-element-ad247a9 elementor-widget elementor-widget-text-editor\" data-id=\"ad247a9\" data-element_type=\"widget\" data-widget_type=\"text-editor.default\">\n\t\t\t\t<div class=\"elementor-widget-container\">\n\t\t\t\t\t\t\t\t\t<p><span style=\"font-weight: 400;\">Le Site a \u00e9t\u00e9 cr\u00e9\u00e9 par:<\/span><\/p><p>LUXMOD SAS<\/p><p><span style=\"font-weight: 400;\">dont le si\u00e8ge social est situ\u00e9 1-5 all\u00e9 Roland-Garros, Z.I des Renouill\u00e8res, 93360 Neuilly-Plaisance<\/span><\/p><p><span style=\"font-weight: 400;\">immatricul\u00e9e au R.C.S. de Bobigny sous le n\u00b0 438 831 943.<\/span><\/p>\t\t\t\t\t\t\t\t<\/div>\n\t\t\t\t<\/div>\n\t\t\t\t<div class=\"elementor-element elementor-element-198b8f8 elementor-widget elementor-widget-heading\" data-id=\"198b8f8\" data-element_type=\"widget\" data-widget_type=\"heading.default\">\n\t\t\t\t<div class=\"elementor-widget-container\">\n\t\t\t\t\t<h2 class=\"elementor-heading-title elementor-size-default\">PROPRI\u00c9T\u00c9 INTELLECTUELLE<\/h2>\t\t\t\t<\/div>\n\t\t\t\t<\/div>\n\t\t\t\t<div class=\"elementor-element elementor-element-7d5b119 elementor-widget elementor-widget-text-editor\" data-id=\"7d5b119\" data-element_type=\"widget\" data-widget_type=\"text-editor.default\">\n\t\t\t\t<div class=\"elementor-widget-container\">\n\t\t\t\t\t\t\t\t\t<p><span style=\"font-weight: 400;\">Le Site est une \u0153uvre prot\u00e9g\u00e9e. L&#8217;int\u00e9gralit\u00e9 de ses \u00e9l\u00e9ments et des droits d\u2019exploitation y aff\u00e9rents, pris individuellement ou dans leur globalit\u00e9, notamment contenus, marques, logos, d\u00e9nominations, titres d\u2019ouvrages, noms de collection, graphismes, illustrations, visuels, photographies, vid\u00e9os, animations, bases de donn\u00e9es, donn\u00e9es, extraits d\u2019ouvrages, textes\u2026, quels que soient leurs formats, sont la propri\u00e9t\u00e9 exclusive de l\u2019\u00c9diteur ou de ses cocontractants qui, auquel cas, lui ont conf\u00e9r\u00e9 un droit d\u2019exploitation.<\/span><\/p><p><span style=\"font-weight: 400;\">Ils ne peuvent \u00eatre reproduits, repr\u00e9sent\u00e9s, copi\u00e9s, adapt\u00e9s, traduits, extraits, modifi\u00e9s, \u00e9chang\u00e9s ou exploit\u00e9s totalement ou partiellement, sous quelque forme que ce soit et par quelque moyen que ce soit, sans l\u2019autorisation pr\u00e9alable de l\u2019Editeur, ou le cas \u00e9ch\u00e9ant de ses cocontractants, sous peine de poursuites judiciaires notamment p\u00e9nales et\/ou civiles.<\/span><\/p>\t\t\t\t\t\t\t\t<\/div>\n\t\t\t\t<\/div>\n\t\t\t\t<div class=\"elementor-element elementor-element-52bd33a elementor-widget elementor-widget-heading\" data-id=\"52bd33a\" data-element_type=\"widget\" data-widget_type=\"heading.default\">\n\t\t\t\t<div class=\"elementor-widget-container\">\n\t\t\t\t\t<h2 class=\"elementor-heading-title elementor-size-default\">COOKIES<\/h2>\t\t\t\t<\/div>\n\t\t\t\t<\/div>\n\t\t\t\t<div class=\"elementor-element elementor-element-2a6c302 elementor-widget elementor-widget-text-editor\" data-id=\"2a6c302\" data-element_type=\"widget\" data-widget_type=\"text-editor.default\">\n\t\t\t\t<div class=\"elementor-widget-container\">\n\t\t\t\t\t\t\t\t\t<p>Lors de la navigation sur le Site, l\u2019utilisateur est inform\u00e9 qu\u2019un cookie, n\u00e9cessaire au bon fonctionnement du Site, peut s\u2019installer automatiquement sur son navigateur. L\u2019Utilisateur pourra d\u00e9sactiver ce cookie par l\u2019interm\u00e9diaire des param\u00e8tres figurant au sein de son navigateur.<\/p><p>Les autres cookies seront utilis\u00e9s \u00e0 condition que l\u2019utilisateur ait donn\u00e9 son consentement, demand\u00e9 via un bandeau cookies.<\/p><p>L\u2019utilisation de cookies est d\u2019avantage d\u00e9taill\u00e9e dans la\u00a0<a href=\"https:\/\/earlyaccess.maisongiuliani.com\/index.php\/politique-de-cookies-ue\/\">Politique des Cookies<\/a>.<\/p>\t\t\t\t\t\t\t\t<\/div>\n\t\t\t\t<\/div>\n\t\t\t\t<div class=\"elementor-element elementor-element-cdbda46 elementor-widget elementor-widget-heading\" data-id=\"cdbda46\" data-element_type=\"widget\" data-widget_type=\"heading.default\">\n\t\t\t\t<div class=\"elementor-widget-container\">\n\t\t\t\t\t<h2 class=\"elementor-heading-title elementor-size-default\">VOTRE VIE PRIV\u00c9E<\/h2>\t\t\t\t<\/div>\n\t\t\t\t<\/div>\n\t\t\t\t<div class=\"elementor-element elementor-element-34d847d elementor-widget elementor-widget-text-editor\" data-id=\"34d847d\" data-element_type=\"widget\" data-widget_type=\"text-editor.default\">\n\t\t\t\t<div class=\"elementor-widget-container\">\n\t\t\t\t\t\t\t\t\t<p><span style=\"font-weight: 400;\">La Soci\u00e9t\u00e9 est Responsable de traitement de vos donn\u00e9es personnelles.<\/span><\/p><p><span style=\"font-weight: 400;\">Pour en savoir plus sur le traitement des donn\u00e9es personnelles des utilisateurs, veuillez consulter notre <a href=\"https:\/\/maisongiuliani.com\/politique-de-confidentialite\/\">Politique de Confidentialit\u00e9<\/a><\/span><span style=\"font-weight: 400;\">.<\/span><\/p><p><span style=\"font-weight: 400;\">Pour toute question concernant vos donn\u00e9es personnelles ou si vous souhaitez exercer vos droits sur vos donn\u00e9es personnelles, merci de nous contacter \u00e0 l&#8217;adresse suivante en indiquant \u00ab Protection des donn\u00e9es \u00bb : <\/span><a href=\"mailto:contact@maisongiuliani.com\"><span style=\"font-weight: 400;\">contact@maisongiuliani.com<\/span><\/a><span style=\"font-weight: 400;\">.<\/span><\/p>\t\t\t\t\t\t\t\t<\/div>\n\t\t\t\t<\/div>\n\t\t\t\t<div class=\"elementor-element elementor-element-d900e84 elementor-widget elementor-widget-heading\" data-id=\"d900e84\" data-element_type=\"widget\" data-widget_type=\"heading.default\">\n\t\t\t\t<div class=\"elementor-widget-container\">\n\t\t\t\t\t<h2 class=\"elementor-heading-title elementor-size-default\">ECO-ORGANISMES<\/h2>\t\t\t\t<\/div>\n\t\t\t\t<\/div>\n\t\t\t\t<div class=\"elementor-element elementor-element-451d715 elementor-widget elementor-widget-text-editor\" data-id=\"451d715\" data-element_type=\"widget\" data-widget_type=\"text-editor.default\">\n\t\t\t\t<div class=\"elementor-widget-container\">\n\t\t\t\t\t\t\t\t\t<div>La soci\u00e9t\u00e9 LUXMOD SAS est adh\u00e9rente des \u00e9co-organismes CITEO (emballages m\u00e9nagers) et REFASHION (textiles d\u2019habillement, linge de maison et chaussures &#8211; TLC), sous les num\u00e9ros d\u2019identifiants uniques (IDU) suivants :<\/div><ul><li>Aupr\u00e8s de REFASHION (TLC) : FR421203_11EJIF;<\/li><li>Aupr\u00e8s de CITEO (emballages) : FR421203_01RWPW.<\/li><\/ul>\t\t\t\t\t\t\t\t<\/div>\n\t\t\t\t<\/div>\n\t\t\t\t<div class=\"elementor-element elementor-element-7b1d25c elementor-widget elementor-widget-heading\" data-id=\"7b1d25c\" data-element_type=\"widget\" data-widget_type=\"heading.default\">\n\t\t\t\t<div class=\"elementor-widget-container\">\n\t\t\t\t\t<h2 class=\"elementor-heading-title elementor-size-default\">NOUS CONTACTER<\/h2>\t\t\t\t<\/div>\n\t\t\t\t<\/div>\n\t\t\t\t<div class=\"elementor-element elementor-element-e5d3d5b elementor-widget elementor-widget-text-editor\" data-id=\"e5d3d5b\" data-element_type=\"widget\" data-widget_type=\"text-editor.default\">\n\t\t\t\t<div class=\"elementor-widget-container\">\n\t\t\t\t\t\t\t\t\t<ul>\n<li style=\"font-weight: 400;\" aria-level=\"1\"><span style=\"font-weight: 400;\">Par t\u00e9l\u00e9phone : 01 43 00 12 95<\/span><\/li>\n<li style=\"font-weight: 400;\" aria-level=\"1\"><span style=\"font-weight: 400;\">Par email : contact@maisongiuliani.com<\/span><\/li>\n<li style=\"font-weight: 400;\" aria-level=\"1\"><span style=\"font-weight: 400;\">Par courrier : 1-5 all\u00e9e Roland Garros, Z.I des Renouill\u00e8res, 93360 Neuilly-Plaisance, France&nbsp;<\/span><\/li>\n<\/ul>\n<p><span style=\"font-weight: 400;\">Bureau ouvert : ouvert du lundi au vendredi de 10h-12h30 et 14h-17h30.<\/span><\/p>\t\t\t\t\t\t\t\t<\/div>\n\t\t\t\t<\/div>\n\t\t\t\t<\/div>\n\t\t\t\t\t<\/div>\n\t\t\t\t<\/div>\n\t\t\t\t<\/div>\n\t\t","protected":false},"excerpt":{"rendered":"<p>MENTIONS L\u00c9GALES Conform\u00e9ment \u00e0 la loi, il est pr\u00e9cis\u00e9 aux utilisateurs du Site &#8220;earlyaccess.maisongiuliani.com&#8221; (\u00ab Le Site \u00bb) l\u2019identit\u00e9 des diff\u00e9rents intervenants. \u00c9DITEUR DU SITE La marque Maison Giuliani est une marque d\u00e9pos\u00e9e aupr\u00e8s de l\u2019INPI et enregistr\u00e9e sous les num\u00e9ros 4654167 (le 05\/06\/2020), le 4280417 (le 15\/06\/2016) et 4640295 (le 19\/04\/2010). La marque Maison [&hellip;]<\/p>\n","protected":false},"author":1,"featured_media":0,"parent":0,"menu_order":0,"comment_status":"closed","ping_status":"closed","template":"","meta":{"footnotes":""},"class_list":["post-295","page","type-page","status-publish","hentry"],"_regular_price":null,"_product_image_gallery":null,"_links":{"self":[{"href":"https:\/\/earlyaccess.maisongiuliani.com\/index.php\/wp-json\/wp\/v2\/pages\/295","targetHints":{"allow":["GET"]}}],"collection":[{"href":"https:\/\/earlyaccess.maisongiuliani.com\/index.php\/wp-json\/wp\/v2\/pages"}],"about":[{"href":"https:\/\/earlyaccess.maisongiuliani.com\/index.php\/wp-json\/wp\/v2\/types\/page"}],"author":[{"embeddable":true,"href":"https:\/\/earlyaccess.maisongiuliani.com\/index.php\/wp-json\/wp\/v2\/users\/1"}],"replies":[{"embeddable":true,"href":"https:\/\/earlyaccess.maisongiuliani.com\/index.php\/wp-json\/wp\/v2\/comments?post=295"}],"version-history":[{"count":16,"href":"https:\/\/earlyaccess.maisongiuliani.com\/index.php\/wp-json\/wp\/v2\/pages\/295\/revisions"}],"predecessor-version":[{"id":759,"href":"https:\/\/earlyaccess.maisongiuliani.com\/index.php\/wp-json\/wp\/v2\/pages\/295\/revisions\/759"}],"wp:attachment":[{"href":"https:\/\/earlyaccess.maisongiuliani.com\/index.php\/wp-json\/wp\/v2\/media?parent=295"}],"curies":[{"name":"wp","href":"https:\/\/api.w.org\/{rel}","templated":true}]}}